1. Let w be q(j). Let t(g) = 49*g - 2. Is t(w) prime?
False
Let l = 4125 + -328. Is l composite?
False
Is (-3)/(-6)*(15290 - -4) a composite number?
True
Suppose 2*h = -0*h + 8. Suppose 5*v + 1130 = y + 23, 5*v + 25 = 0. Suppose -y = -h*n + 2*n. Is n a prime number?
True
Is 2/(-6)*(-12)/(-1) - -855 composite?
True
Suppose -6*c + 10 = -4*c. Suppose -23 - 12 = -c*i. Suppose 2*w - i*w = -1045. Is w composite?
True
Let n = -10596 + 15505. Is n a composite number?
False
Suppose 216940 = 7*x + 13*x. Is x a prime number?
True
Let u(g) = g**3 - g**2 - 518*g + 4 + 518*g. Let i be u(0). Suppose i*h + h = 325. Is h a prime number?
False
Let o = 34 + -23. Let h be 4 - o/((-44)/1872). Let b = h + -179. Is b a composite number?
False
Suppose 2*t - 63522 = -4*w, -86*w = -3*t - 82*w + 95323. Is t prime?
True
Let i be 1*(6/(-3) - 249). Let j be (-2 - -6)/(-1) + (1 - -3). Is (i + j)/(1 - 2) a prime number?
True
Let z(q) = 1627*q**2 - 4*q - 11. Is z(-2) a composite number?
True
Let w be 1/1 - (1 + -5). Let x(a) = 72*a**2 + 21. Is x(w) prime?
False
Let d be -21*(-1)/((-2)/(-326)). Suppose 9*s - d = 6*s. Is s a prime number?
False
Let p(y) = -8 + 0*y - 2*y + 6 + 2777*y**2. Is p(-1) prime?
True
Let u = -91 + 422. Let m be u - (-1 - -2)*-1. Suppose 3*o + o = m. Is o a prime number?
True
Let w(r) = -r**3 - 8*r**2 + 3*r - 11. Let x be w(-10). Let p = x - 0. Is p a prime number?
False
Let u(r) = 2*r**2 - 36*r + 123. Is u(28) a composite number?
False
Let q = -48 - -51. Suppose m = 4*y - q*m - 1648, -m = -2*y + 819. Is y a composite number?
True
Let r be 18/8 + 6/(-24). Let t be ((-5)/r)/(5/(-500)). Suppose 80 = -2*h + t. Is h composite?
True
Suppose z = 5*r + 12581, -2 = 2*r + 2. Is z a prime number?
False
Suppose -9*k + 5 = -4*k, 5*z - k - 6594 = 0. Is z a prime number?
True
Let l(d) = -17*d**3 - 3*d**2 - 4*d - 5. Let s be 5/15 + 14/(-6). Is l(s) composite?
False
Suppose 0 = -4*d + u + 125, 2*d + 2*u = 55 + 5. Let z be 130/(-26) + 1 + -114. Let r = d - z. Is r composite?
False
Let v(o) be the third derivative of 19*o**6/2 - o**5/30 - o**4/24 + o**3/3 + o**2. Is v(1) prime?
False
Let k(s) = -s**3 + 5*s**2 + 3*s - 2. Let h be k(5). Let j = h + -11. Suppose 0 = j*r + r - 78. Is r a prime number?
False
Suppose 3*u - 28425 = -3*z, -3*u + 4*z = -3409 - 25044. Is u a composite number?
False
Let r(x) = x**3 - 4*x**2 + 6*x - 7. Let l be r(3). Is (l/4)/(5/970) a prime number?
True
Is 5/(15/3)*(-25022)/(-2) a prime number?
True
Suppose 2*t + 3*a - 224 = -0*t, 2*t - 5*a = 256. Is t composite?
True
Let i be (0 - 2)*1863/(-6). Let q be 5/(-1) - (3 + (-60)/6). Suppose 4*d - 5*l = -0*l + i, 0 = -2*d - q*l + 288. Is d prime?
True
Let z be (-1)/(3/6) + 4. Let n(m) be the second derivative of 11*m**3/6 - m**2/2 + 23*m. Is n(z) a prime number?
False
Let j(n) = 4*n**3 + 3*n**2 - n - 1. Let p be j(1). Suppose -4862 = p*u - 15967. Is u composite?
False
Let b(z) = -9*z**2 + 14*z + 10. Let i be b(-13). Is i*(-1 + 2 - (-2)/(-1)) a prime number?
True
Let x = -216 + 809. Let p = x + -240. Is p a composite number?
False
Let o(a) = -4*a. Let h be o(-1). Let z = 7 - h. Is 208/3 + (-1)/z a prime number?
False
Suppose 178 = -19*z + 29495. Is z composite?
False
Let g = 42 + -37. Suppose 3*b + t - g = 2*b, 0 = -t - 2. Is b prime?
True
Let j(q) be the first derivative of 1/2*q**2 - 3*q**3 - 1/2*q**4 - 2 + 9*q. Is j(-7) composite?
True
Let l be 2/(-6) - (-7)/3. Suppose 4*y = -4*w + l*w + 3918, -4902 = -5*y + 2*w. Suppose -y = -3*o - g, 4*g = -2*o - 355 + 1015. Is o prime?
False
Suppose 0*w + 50 = 5*w. Let y be (-10)/25 - (-5624)/w. Let i = y - -147. Is i prime?
True
Suppose b = -5*z + 114, -z - z - 228 = -2*b. Let l = b + -19. Is l composite?
True
Let i(y) = -y - 3. Let c be i(-8). Suppose 0*r + c*r - 25 = 0. Suppose 3*g = 9, r*g + 138 + 11 = 2*w. Is w composite?
True
Suppose -17*r = -27*r + 53350. Suppose -3*d = -4*z - r, 1780 = d - 2*z + 3. Is d composite?
True
Let q be 2 + ((-9)/3 - -319). Suppose -q = -0*o - o. Is ((-6)/(-9))/(4/o) a composite number?
False
Let r be 1*-8*(9/12 + -1). Suppose -271 = -s + r*h + 406, -2720 = -4*s + 5*h. Is s composite?
True
Let i = 107804 + 16865. Is i a composite number?
False
Let c(m) = m**2 - m. Let t(v) = 9*v**2 + 12*v - 14. Let p(l) = 3*c(l) + t(l). Is p(5) prime?
True
Let a = -30 + 33. Suppose a*q - 348 - 286 = w, -4*w + 629 = 3*q. Is q a composite number?
False
Let j(n) = -2*n**2 + 8. Let y be j(-7). Suppose 2*r - 134 = -f, 217 = 2*f - 5*r - 60. Let c = f + y. Is c a prime number?
False
Suppose 0 = -3*i + 6*i. Suppose i = 2*x - 5*w - 35, -7*w = x - 2*w + 20. Suppose -x*a + a + y = -223, -4*a - 2*y = -214. Is a composite?
True
Let l(x) = 584*x**2 - 10*x + 35. Is l(3) a composite number?
False
Let q(u) = 84*u**2 + 78*u - 20. Let b(h) = -28*h**2 - 26*h + 7. Let t(v) = 11*b(v) + 4*q(v). Is t(-13) prime?
True
Let n = -24138 + 56816. Is n a prime number?
False
Suppose 215404 = 6*u - 37166. Is u a prime number?
False
Let h(m) = 136*m**2 - 3*m + 2. Let p = -44 + 47. Is h(p) a composite number?
False
Suppose 0 = -5*p - 2*c - 0*c + 8763, -2 = 2*c. Is p a prime number?
True
Suppose -5*l + f + 5 = -15, 0 = -f. Suppose -3*r = -l*q - 1771, 4*r + 2*q = r + 1783. Is r composite?
False
Let t be -1*(-1)/(4/(-8)). Let m be (t + -2 + 3)*-3. Let k = 412 - m. Is k prime?
True
Let p(w) = -21*w - 76. Is p(-27) a composite number?
False
Let x(q) = 11*q**2 + 26*q - 200. Is x(-33) a prime number?
False
Let f(x) = x**3 + 18*x**2 - 18*x + 22. Let q be f(-19). Suppose -q*g - 4*n = -8127, -g + 0*n - 4*n + 2717 = 0. Is g a composite number?
True
Let d be ((-5)/(-7))/(14/98). Is (1011 + -4)/(d + -4) prime?
False
Suppose 2*t + 12675 = 7*t - 5*j, t - 2*j - 2539 = 0. Is t a composite number?
False
Let u(k) = k**2 + 12*k + 1. Let v be u(-12). Suppose 2 + v = -o. Is -47*(-15 - o)/4 a prime number?
False
Suppose 0 = -12*y + 18*y - 60. Suppose -9566 = p - 5*p - 3*j, y = -5*j. Is p a composite number?
False
Suppose 2*l - 4*b - 81 = b, 3*b - 15 = 0. Suppose -2*q + l = -q + r, r = 4. Suppose -3*t = -3*x - 153, q = -3*t + x + 210. Is t a composite number?
True
Let h(q) = 125*q - 4. Suppose l - 3 = 2*d, -d = -5*l + 1 + 14. Is h(l) a prime number?
False
Suppose 0 = 4*g - 0*g - 8. Let f(m) = 13 - 2*m**2 + 3*m**g - 4*m - 5*m + m. Is f(10) a composite number?
True
Let p = 1 + 3. Suppose 0 = p*u + 12, 2*g - 4*u - 6 = -g. Is (382/(-4))/(1/g) composite?
False
Let r(y) = 99*y**2 + y - 3. Suppose -3*d + 7*d = 8. Let a be r(d). Suppose v = 2*v - a. Is v a composite number?
True
Let p be 4/3*9/6. Suppose p*l - 6*l + 16 = 0. Is l*(-3 - (-524)/16) a composite number?
True
Suppose -102018 = -4*i + 3*d, 3*i - 3*d = -0*i + 76515. Is i composite?
True
Suppose -4*c + 4 = -2*c. Let v(g) = g**3 + g**2 - 3*g - 4. Let p be v(-2). Is c + p*411/(-6) prime?
True
Is 62531/(-14)*(0 + 18/(-3)) a composite number?
True
Let b be 41/((-52)/(-54) + -1). Let r = -2678 - b. Let f = -1006 - r. Is f composite?
True
Suppose 12*h - 8*h = 28. Suppose h + 5 = 4*k. Suppose -70 = -k*t + 1223. Is t a prime number?
True
Suppose -5*p + 780 = -0*p + 2*k, 0 = 4*p + 3*k - 631. Suppose 0 = 4*y - 2*y. Suppose 2*q + y*q - p = 0. Is q prime?
False
Let p be (-2)/((-40)/42 + (-6)/(-21)). Suppose -2*a = 5*j - 111, -2*j + 5 = p*j. Is a a composite number?
False
Suppose -6*b = -9 + 3. Is (641/b)/((-7 + 5)/(-2)) prime?
True
Let d be 6 - -16 - (1 - -1). Suppose 2*c + 12 = d. Is (664/6)/(c/6) a composite number?
True
Let i(l) = -l**2 - 1. Let r(q) = -258*q**2 + 1. Let b(f) = -f - 1. Let v(a) = 3*b(a) - r(a). Let u(y) = -3*i(y) + v(y). Is u(-2) prime?
True
Suppose z - 3*l + 120 = -2*z, 5*z - 4*l = -200. Let n = 198 + z. Is n a prime number?
False
Let q(l) = 10471*l**2 - 6*l - 9. Is q(2) a composite number?
False
Suppose -q - q - 2*q = 0. Suppose q*w - 3147 = -3*w. Is w composite?
False
Let p = -8034 - -15035. Is p a prime number?
True
Let m(b) = -2*b**2 - 14*b + 6*b**2 - 13 - b**3 + 11*b**2 + 5. Let i be m(11). Let n = i - 209. Is n a prime number?
True
Let s(t) = 152*t**2 + 300*t - 1. Is s(15) composite?
False
Suppose -4*t + 9*t - 85 = 0. Suppose -4*l + 4*c = -12, -2*c + 1 = 4*l - t. Is 14/l*12/7 prime?
False
Let y(b) = 665*b**2 + b + 550*b**2 + 148*b**2 + 0*b. Let i be y(1). Let x = i - 303. Is x a prime number?
True
Let q(r) = -r - 66*r**2 - 7 + 18 - 10 + 274